
131
Calculate the greatest common divisor of 649 and 33.
11
What is the greatest common factor of 56 and 4396?
28
What is the greatest common factor of 250 and 30?
10
What is the highest common divisor of 234 and 286?
26
What is the highest common factor of 13 and 117?
13
What is the greatest common factor of 964 and 4?
4
What is the highest common divisor of 1161 and 129?
129
What is the greatest common divisor of 49 and 35?
7
Calculate the highest common divisor of 192 and 10416.
48
What is the greatest common divisor of 54 and 109?
1
Calculate the highest common factor of 147 and 2562.
21
Calculate the greatest common factor of 12618 and 36.
18
What is the highest common divisor of 473 and 43?
43
Calculate the greatest common divisor of 234 and 390.
78
Calculate the highest common divisor of 40 and 272.
8
Calculate the highest common factor of 98 and 42.
14
Calculate the highest common divisor of 210 and 735.
105
What is the greatest common divisor of 218 and 2180?
218
What is the greatest common factor of 144 and 3504?
48
What is the greatest common divisor of 143 and 22?
11
What is the greatest common factor of 88 and 4158?
22
What is the greatest common divisor of 294 and 63?
21
What is the greatest common factor of 357 and 238?
119
Calculate the highest common factor of 26 and 13.
13
Calculate the highest common divisor of 296 and 1665.
37
What is the greatest common divisor of 402 and 6?
6
What is the greatest common divisor of 127 and 1?
1
Calculate the highest common divisor of 90 and 150.
30
What is the highest common divisor of 23 and 9913?
23
Calculate the greatest common factor of 60 and 1230.
30
What is the greatest common factor of 41 and 3?
1
What is the greatest common factor of 232 and 31784?
232
What is the greatest common factor of 16 and 488?
8
What is the greatest common divisor of 1600 and 125?
25
What is the highest common factor of 50429 and 211?
211
What is the highest common factor of 2312 and 1088?
136
What is the greatest common factor of 27 and 4?
1
What is the highest common factor of 711 and 9?
9
Calculate the greatest common factor of 3 and 633.
3
What is the greatest common divisor of 46 and 368?
46
What is the greatest common divisor of 1968 and 240?
48
Calculate the greatest common factor of 10 and 50.
10
Calculate the highest common divisor of 3666 and 13.
13
Calculate the highest common divisor of 718 and 10411.
359
Calculate the highest common divisor of 25 and 150.
25
What is the highest common factor of 3937 and 31?
31
Calculate the highest common divisor of 12 and 2076.
12
What is the highest common factor of 34 and 22474?
34
Calculate the highest common factor of 132 and 297.
33
What is the highest common divisor of 175 and 525?
175
Calculate the greatest common divisor of 1586 and 244.
122
Calculate the highest common factor of 437 and 23.
23
Calculate the greatest common divisor of 3400 and 20.
20
Calculate the greatest common divisor of 102 and 1326.
102
Calculate the highest common divisor of 77 and 6622.
77
What is the greatest common factor of 41656 and 328?
328
Calculate the greatest common factor of 10983 and 21.
21
What is the greatest common divisor of 3479 and 213?
71
Calculate the highest common factor of 374 and 5049.
187
Calculate the highest common factor of 26 and 1534.
26
Calculate the greatest common factor of 40 and 139960.
40
What is the highest common divisor of 1872 and 720?
144
Calculate the greatest common divisor of 7 and 623.
7
Calculate the highest common factor of 8008 and 539.
77
What is the highest common divisor of 10 and 5?
5
Calculate the highest common factor of 2 and 2302.
2
What is the greatest common divisor of 18 and 7569?
9
What is the greatest common factor of 13 and 32357?
13
Calculate the highest common divisor of 5 and 35.
5
Calculate the highest common factor of 1239 and 6.
3
Calculate the highest common factor of 9129 and 51.
51
Calculate the greatest common divisor of 975 and 13.
13
Calculate the greatest common factor of 84 and 4116.
84
Calculate the highest common factor of 25694 and 58.
58
Calculate the highest common divisor of 350 and 56.
14
What is the highest common divisor of 25 and 1045?
5
What is the highest common factor of 2728 and 558?
62
Calculate the highest common divisor of 84 and 12.
12
Calculate the greatest common factor of 192 and 704.
64
What is the highest common factor of 14 and 189?
7
Calculate the highest common factor of 1448 and 8.
8
What is the highest common factor of 297 and 189?
27
Calculate the highest common factor of 8 and 1.
1
Calculate the greatest common divisor of 2536 and 64.
8
What is the highest common factor of 7792 and 48?
16
Calculate the highest common factor of 288 and 1386.
18
Calculate the greatest common factor of 381 and 3.
3
What is the highest common divisor of 23 and 27899?
23
Calculate the highest common divisor of 19038 and 57.
57
What is the highest common divisor of 1072 and 402?
134
What is the greatest common factor of 30 and 2490?
30
Calculate the greatest common divisor of 182 and 39949.
91
What is the highest common factor of 1704 and 456?
24
What is the highest common divisor of 8417 and 38?
19
Calculate the greatest common divisor of 70 and 112.
14
Calculate the highest common factor of 7 and 162.
1
Calculate the highest common factor of 59912 and 4.
4
What is the highest common divisor of 4 and 64?
4
Calculate the highest common factor of 47231 and 73.
73
What is the highest common divisor of 195 and 663?
39
What is the highest common divisor of 24 and 31?
1
What is the greatest common factor of 14 and 70?
14
Calculate the highest common factor of 19 and 1368.
19
Calculate the greatest common factor of 7552 and 590.
118
Calculate the greatest common factor of 6094 and 22.
22
Calculate the greatest common factor of 5 and 835.
5
Calculate the highest common divisor of 120 and 48.
24
Calculate the greatest common divisor of 441 and 9.
9
Calculate the highest common factor of 168 and 210.
42
Calculate the highest common factor of 186 and 465.
93
What is the greatest common factor of 19 and 361?
19
What is the highest common divisor of 784 and 98?
98
Calculate the highest common factor of 13 and 4771.
13
Calculate the highest common divisor of 45 and 15705.
45
Calculate the greatest common factor of 31952 and 16.
16
What is the greatest common factor of 104 and 2470?
26
What is the greatest common divisor of 176 and 64?
16
What is the highest common divisor of 9618 and 12?
6
Calculate the highest common factor of 176 and 110.
22
Calculate the greatest common factor of 129 and 6751.
43
Calculate the highest common factor of 8483 and 17.
17
What is the greatest common factor of 720 and 5850?
90
What is the greatest common factor of 192 and 17088?
192
What is the greatest common factor of 80 and 6940?
20
What is the greatest common divisor of 1976 and 208?
104
Calculate the greatest common divisor of 252 and 112.
28
What is the greatest common divisor of 73 and 14381?
73
Calculate the greatest common divisor of 3401 and 38.
19
What is the greatest common factor of 45 and 2880?
45
What is the greatest common factor of 355 and 5?
5
What is the highest common divisor of 25 and 35650?
25
What is the highest common divisor of 17 and 41?
1
Calculate the greatest common factor of 80 and 6280.
40
Calculate the greatest common divisor of 17 and 1751.
17
What is the highest common divisor of 48 and 80?
16
What is the greatest common divisor of 3 and 17?
1
What is the greatest common factor of 14 and 245?
7
What is the highest common factor of 13678 and 56?
14
What is the highest common divisor of 80 and 15160?
40
Calculate the highest common factor of 94402 and 154.
154
Calculate the highest common factor of 111 and 12.
3
Calculate the greatest common divisor of 98 and 4634.
14
Calculate the highest common divisor of 10 and 86.
2
Calculate the greatest common divisor of 38 and 74.
2
Calculate the greatest common divisor of 6384 and 112.
112
Calculate the greatest common factor of 60 and 186.
6
Calculate the highest common factor of 5928 and 760.
152
Calculate the greatest common divisor of 16184 and 224.
56
What is the greatest common divisor of 128 and 56?
8
What is the highest common factor of 1428 a